{"id":80,"date":"2014-06-15T21:20:02","date_gmt":"2014-06-15T21:20:02","guid":{"rendered":"http:\/\/festivaldenajac.wordpress.com\/?page_id=33"},"modified":"2024-06-25T17:43:02","modified_gmt":"2024-06-25T17:43:02","slug":"adhesion","status":"publish","type":"page","link":"https:\/\/festivalsouslestoiles.fr\/2024\/adhesion\/","title":{"rendered":"Adh\u00e9sion"},"content":{"rendered":"<p>[et_pb_section fb_built=\u00a0\u00bb1&Prime; admin_label=\u00a0\u00bbsection\u00a0\u00bb _builder_version=\u00a0\u00bb4.16&Prime; global_colors_info=\u00a0\u00bb{}\u00a0\u00bb][et_pb_row admin_label=\u00a0\u00bbrow\u00a0\u00bb _builder_version=\u00a0\u00bb4.16&Prime; background_size=\u00a0\u00bbinitial\u00a0\u00bb background_position=\u00a0\u00bbtop_left\u00a0\u00bb background_repeat=\u00a0\u00bbrepeat\u00a0\u00bb global_colors_info=\u00a0\u00bb{}\u00a0\u00bb][et_pb_column type=\u00a0\u00bb4_4&Prime; _builder_version=\u00a0\u00bb4.16&Prime; custom_padding=\u00a0\u00bb|||\u00a0\u00bb global_colors_info=\u00a0\u00bb{}\u00a0\u00bb custom_padding__hover=\u00a0\u00bb|||\u00a0\u00bb][et_pb_text admin_label=\u00a0\u00bbText\u00a0\u00bb _builder_version=\u00a0\u00bb4.16&Prime; background_size=\u00a0\u00bbinitial\u00a0\u00bb background_position=\u00a0\u00bbtop_left\u00a0\u00bb background_repeat=\u00a0\u00bbrepeat\u00a0\u00bb global_colors_info=\u00a0\u00bb{}\u00a0\u00bb]<\/p>\n<p><strong>Pourquoi adh\u00e9rer ?<\/strong><br \/>Adh\u00e9rer, c&rsquo;est soutenir l&rsquo;association et participer au festival.<br \/>Nous fonctionnons exclusivement avec des b\u00e9n\u00e9voles ; les films, affiches, spectacles, concerts, animations, appareils de projection, \u00e9crans sont autant de maillons indispensables \u00e0 l&rsquo;existence et \u00e0 la r\u00e9ussite du festival.<br \/>Si nous nous effor\u00e7ons de boucler cette chaine chaque ann\u00e9e, il nous faut parfois couvrir certains frais inattendus et votre soutien nous aide \u00e0 pallier ces d\u00e9penses.<br \/>Nous comptons donc sur votre soutien, aussi modeste soit-il !<br \/>Comment nous soutenir ?<br \/>Nous avons fix\u00e9 l&rsquo;adh\u00e9sion \u00e0 5\u20ac minimum, vous pouvez bien s\u00fbr donner plus \ud83d\ude09<br \/>Pour adh\u00e9rer \u00e0 l&rsquo;association contacter l&rsquo;\u00e9quipe du festival sur l&rsquo;espace ADH\u00c9SION.<\/p>\n<p>ou sinon adh\u00e9rer en ligne &#8230;&#8230;&#8230;&#8230;&#8230;&#8230;&#8230;&#8230;bient\u00f4t !<\/p>\n<p>Vous pouvez aussi nous contacter ici <a href=\"mailto:festivalsouslestoiles@gmail.com\"><span class=\"s38\">festivalsouslestoiles@gmail.com<\/span><\/a><\/p>\n<p>[\/et_pb_text][\/et_pb_column][\/et_pb_row][\/et_pb_section]<\/p>\n","protected":false},"excerpt":{"rendered":"<p>Pourquoi adh\u00e9rer ?Adh\u00e9rer, c&rsquo;est soutenir l&rsquo;association et participer au festival.Nous fonctionnons exclusivement avec des b\u00e9n\u00e9voles ; les films, affiches, spectacles, concerts, animations, appareils de projection, \u00e9crans sont autant de maillons indispensables \u00e0 l&rsquo;existence et \u00e0 la r\u00e9ussite du festival.Si nous nous effor\u00e7ons de boucler cette chaine chaque ann\u00e9e, il nous faut parfois couvrir certains frais [&hellip;]<\/p>\n","protected":false},"author":2,"featured_media":242,"parent":0,"menu_order":0,"comment_status":"open","ping_status":"closed","template":"","meta":{"_et_pb_use_builder":"on","_et_pb_old_content":"Pourquoi adh\u00e9rer ?\nAdh\u00e9rer, c'est soutenir l'association et participer au festival.\nNous fonctionnons exclusivement avec des b\u00e9n\u00e9voles ; les films, affiches, spectacles, concerts, animations, appareils de projection, \u00e9crans sont autant de maillons indispensables \u00e0 l'existence et \u00e0 la r\u00e9ussite du festival.\nSi nous nous effor\u00e7ons de boucler cette chaine chaque ann\u00e9e, il nous faut parfois couvrir certains frais inattendus et votre soutien nous aide \u00e0 pallier ces d\u00e9penses.\nNous comptons donc sur votre soutien, aussi modeste soit-il !\nComment nous soutenir ?\nNous avons fix\u00e9 l'adh\u00e9sion \u00e0 5\u20ac minimum, vous pouvez bien s\u00fbr donner plus ;)\nPour adh\u00e9rer \u00e0 l'association contacter l'\u00e9quipe du festival sur l'espace ADH\u00c9SION.\n\nou sinon adh\u00e9rer en ligne ........................bient\u00f4t !\n\nVous pouvez aussi nous contacter ici <a href=\"mailto:festivalsouslestoiles@gmail.com\"><span class=\"s38\">festivalsouslestoiles@gmail.com<\/span><\/a>","_et_gb_content_width":"","footnotes":""},"class_list":["post-80","page","type-page","status-publish","has-post-thumbnail","hentry"],"yoast_head":"<!-- This site is optimized with the Yoast SEO plugin v23.4 - https:\/\/yoast.com\/wordpress\/plugins\/seo\/ -->\n<title>Adh\u00e9sion - FESTIVAL SOUS LES TOILES DE NAJAC<\/title>\n<meta name=\"robots\" content=\"noindex, follow, max-snippet:-1, max-image-preview:large, max-video-preview:-1\" \/>\n<meta property=\"og:locale\" content=\"fr_FR\" \/>\n<meta property=\"og:type\" content=\"article\" \/>\n<meta property=\"og:title\" content=\"Adh\u00e9sion - FESTIVAL SOUS LES TOILES DE NAJAC\" \/>\n<meta property=\"og:description\" content=\"Pourquoi adh\u00e9rer ?Adh\u00e9rer, c&#039;est soutenir l&#039;association et participer au festival.Nous fonctionnons exclusivement avec des b\u00e9n\u00e9voles ; les films, affiches, spectacles, concerts, animations, appareils de projection, \u00e9crans sont autant de maillons indispensables \u00e0 l&#039;existence et \u00e0 la r\u00e9ussite du festival.Si nous nous effor\u00e7ons de boucler cette chaine chaque ann\u00e9e, il nous faut parfois couvrir certains frais [&hellip;]\" \/>\n<meta property=\"og:url\" content=\"https:\/\/festivalsouslestoiles.fr\/2024\/adhesion\/\" \/>\n<meta property=\"og:site_name\" content=\"FESTIVAL SOUS LES TOILES DE NAJAC\" \/>\n<meta property=\"article:modified_time\" content=\"2024-06-25T17:43:02+00:00\" \/>\n<meta name=\"twitter:card\" content=\"summary_large_image\" \/>\n<meta name=\"twitter:label1\" content=\"Dur\u00e9e de lecture estim\u00e9e\" \/>\n\t<meta name=\"twitter:data1\" content=\"1 minute\" \/>\n<script type=\"application\/ld+json\" class=\"yoast-schema-graph\">{\"@context\":\"https:\/\/schema.org\",\"@graph\":[{\"@type\":\"WebPage\",\"@id\":\"https:\/\/festivalsouslestoiles.fr\/2024\/adhesion\/\",\"url\":\"https:\/\/festivalsouslestoiles.fr\/2024\/adhesion\/\",\"name\":\"Adh\u00e9sion - FESTIVAL SOUS LES TOILES DE NAJAC\",\"isPartOf\":{\"@id\":\"https:\/\/festivalsouslestoiles.fr\/2024\/#website\"},\"primaryImageOfPage\":{\"@id\":\"https:\/\/festivalsouslestoiles.fr\/2024\/adhesion\/#primaryimage\"},\"image\":{\"@id\":\"https:\/\/festivalsouslestoiles.fr\/2024\/adhesion\/#primaryimage\"},\"thumbnailUrl\":\"\",\"datePublished\":\"2014-06-15T21:20:02+00:00\",\"dateModified\":\"2024-06-25T17:43:02+00:00\",\"breadcrumb\":{\"@id\":\"https:\/\/festivalsouslestoiles.fr\/2024\/adhesion\/#breadcrumb\"},\"inLanguage\":\"fr-FR\",\"potentialAction\":[{\"@type\":\"ReadAction\",\"target\":[\"https:\/\/festivalsouslestoiles.fr\/2024\/adhesion\/\"]}]},{\"@type\":\"ImageObject\",\"inLanguage\":\"fr-FR\",\"@id\":\"https:\/\/festivalsouslestoiles.fr\/2024\/adhesion\/#primaryimage\",\"url\":\"\",\"contentUrl\":\"\"},{\"@type\":\"BreadcrumbList\",\"@id\":\"https:\/\/festivalsouslestoiles.fr\/2024\/adhesion\/#breadcrumb\",\"itemListElement\":[{\"@type\":\"ListItem\",\"position\":1,\"name\":\"Accueil\",\"item\":\"https:\/\/festivalsouslestoiles.fr\/2024\/\"},{\"@type\":\"ListItem\",\"position\":2,\"name\":\"Adh\u00e9sion\"}]},{\"@type\":\"WebSite\",\"@id\":\"https:\/\/festivalsouslestoiles.fr\/2024\/#website\",\"url\":\"https:\/\/festivalsouslestoiles.fr\/2024\/\",\"name\":\"FESTIVAL SOUS LES TOILES DE NAJAC\",\"description\":\"Cin\u00e9ma de plein air \/ Documentaire sonore \/ concert \/ th\u00e9\u00e2tre\u2026\",\"potentialAction\":[{\"@type\":\"SearchAction\",\"target\":{\"@type\":\"EntryPoint\",\"urlTemplate\":\"https:\/\/festivalsouslestoiles.fr\/2024\/?s={search_term_string}\"},\"query-input\":{\"@type\":\"PropertyValueSpecification\",\"valueRequired\":true,\"valueName\":\"search_term_string\"}}],\"inLanguage\":\"fr-FR\"}]}<\/script>\n<!-- \/ Yoast SEO plugin. -->","yoast_head_json":{"title":"Adh\u00e9sion - FESTIVAL SOUS LES TOILES DE NAJAC","robots":{"index":"noindex","follow":"follow","max-snippet":"max-snippet:-1","max-image-preview":"max-image-preview:large","max-video-preview":"max-video-preview:-1"},"og_locale":"fr_FR","og_type":"article","og_title":"Adh\u00e9sion - FESTIVAL SOUS LES TOILES DE NAJAC","og_description":"Pourquoi adh\u00e9rer ?Adh\u00e9rer, c'est soutenir l'association et participer au festival.Nous fonctionnons exclusivement avec des b\u00e9n\u00e9voles ; les films, affiches, spectacles, concerts, animations, appareils de projection, \u00e9crans sont autant de maillons indispensables \u00e0 l'existence et \u00e0 la r\u00e9ussite du festival.Si nous nous effor\u00e7ons de boucler cette chaine chaque ann\u00e9e, il nous faut parfois couvrir certains frais [&hellip;]","og_url":"https:\/\/festivalsouslestoiles.fr\/2024\/adhesion\/","og_site_name":"FESTIVAL SOUS LES TOILES DE NAJAC","article_modified_time":"2024-06-25T17:43:02+00:00","twitter_card":"summary_large_image","twitter_misc":{"Dur\u00e9e de lecture estim\u00e9e":"1 minute"},"schema":{"@context":"https:\/\/schema.org","@graph":[{"@type":"WebPage","@id":"https:\/\/festivalsouslestoiles.fr\/2024\/adhesion\/","url":"https:\/\/festivalsouslestoiles.fr\/2024\/adhesion\/","name":"Adh\u00e9sion - FESTIVAL SOUS LES TOILES DE NAJAC","isPartOf":{"@id":"https:\/\/festivalsouslestoiles.fr\/2024\/#website"},"primaryImageOfPage":{"@id":"https:\/\/festivalsouslestoiles.fr\/2024\/adhesion\/#primaryimage"},"image":{"@id":"https:\/\/festivalsouslestoiles.fr\/2024\/adhesion\/#primaryimage"},"thumbnailUrl":"","datePublished":"2014-06-15T21:20:02+00:00","dateModified":"2024-06-25T17:43:02+00:00","breadcrumb":{"@id":"https:\/\/festivalsouslestoiles.fr\/2024\/adhesion\/#breadcrumb"},"inLanguage":"fr-FR","potentialAction":[{"@type":"ReadAction","target":["https:\/\/festivalsouslestoiles.fr\/2024\/adhesion\/"]}]},{"@type":"ImageObject","inLanguage":"fr-FR","@id":"https:\/\/festivalsouslestoiles.fr\/2024\/adhesion\/#primaryimage","url":"","contentUrl":""},{"@type":"BreadcrumbList","@id":"https:\/\/festivalsouslestoiles.fr\/2024\/adhesion\/#breadcrumb","itemListElement":[{"@type":"ListItem","position":1,"name":"Accueil","item":"https:\/\/festivalsouslestoiles.fr\/2024\/"},{"@type":"ListItem","position":2,"name":"Adh\u00e9sion"}]},{"@type":"WebSite","@id":"https:\/\/festivalsouslestoiles.fr\/2024\/#website","url":"https:\/\/festivalsouslestoiles.fr\/2024\/","name":"FESTIVAL SOUS LES TOILES DE NAJAC","description":"Cin\u00e9ma de plein air \/ Documentaire sonore \/ concert \/ th\u00e9\u00e2tre\u2026","potentialAction":[{"@type":"SearchAction","target":{"@type":"EntryPoint","urlTemplate":"https:\/\/festivalsouslestoiles.fr\/2024\/?s={search_term_string}"},"query-input":{"@type":"PropertyValueSpecification","valueRequired":true,"valueName":"search_term_string"}}],"inLanguage":"fr-FR"}]}},"_links":{"self":[{"href":"https:\/\/festivalsouslestoiles.fr\/2024\/wp-json\/wp\/v2\/pages\/80","targetHints":{"allow":["GET"]}}],"collection":[{"href":"https:\/\/festivalsouslestoiles.fr\/2024\/wp-json\/wp\/v2\/pages"}],"about":[{"href":"https:\/\/festivalsouslestoiles.fr\/2024\/wp-json\/wp\/v2\/types\/page"}],"author":[{"embeddable":true,"href":"https:\/\/festivalsouslestoiles.fr\/2024\/wp-json\/wp\/v2\/users\/2"}],"replies":[{"embeddable":true,"href":"https:\/\/festivalsouslestoiles.fr\/2024\/wp-json\/wp\/v2\/comments?post=80"}],"version-history":[{"count":8,"href":"https:\/\/festivalsouslestoiles.fr\/2024\/wp-json\/wp\/v2\/pages\/80\/revisions"}],"predecessor-version":[{"id":1133,"href":"https:\/\/festivalsouslestoiles.fr\/2024\/wp-json\/wp\/v2\/pages\/80\/revisions\/1133"}],"wp:featuredmedia":[{"embeddable":true,"href":"https:\/\/festivalsouslestoiles.fr\/2024\/wp-json\/"}],"wp:attachment":[{"href":"https:\/\/festivalsouslestoiles.fr\/2024\/wp-json\/wp\/v2\/media?parent=80"}],"curies":[{"name":"wp","href":"https:\/\/api.w.org\/{rel}","templated":true}]}}